20600 a multiple of 100?
True
Is 2506 a factor of 417789933?
False
Is 100691340 a multiple of 396?
False
Is 19 a factor of 133625848?
False
Is 1697819767 a multiple of 12?
False
Is 13 a factor of 40412561?
False
Does 1939 divide 20115186?
True
Is 1884 a factor of 4494195422?
False
Is 3989574 a multiple of 54?
True
Does 7 divide 97950440?
True
Does 510 divide 21534750?
True
Is 1387 a factor of 1304289932?
False
Is 1179 a factor of 3975557692?
False
Is 417722334 a multiple of 19?
True
Does 44 divide 3259205304?
False
Does 21 divide 56664594?
True
Is 66 a factor of 6312417495?
False
Is 15 a factor of 1168635?
True
Is 98071884 a multiple of 108?
True
Is 979 a factor of 8449749?
True
Does 36 divide 840969302?
False
Is 4596691208 a multiple of 8?
True
Is 48251848 a multiple of 731?
True
Is 380715 a multiple of 2?
False
Does 4398 divide 773652180?
True
Is 10 a factor of 141357330?
True
Is 15 a factor of 51982305?
True
Is 26323558 a multiple of 82?
True
Does 1556 divide 78109644?
True
Does 581 divide 204486907?
False
Is 616 a factor of 237386072?
True
Is 23311875 a multiple of 125?
True
Is 7151 a factor of 3147170196?
False
Is 472091513 a multiple of 113?
True
Does 166 divide 80424510?
True
Does 170 divide 1349786?
False
Is 233 a factor of 39624686?
False
Is 124168869 a multiple of 363?
True
Is 36588929 a multiple of 715?
False
Is 2 a factor of 365501463?
False
Does 344 divide 1366399304?
True
Does 28 divide 146984768?
True
Is 224338104 a multiple of 24?
True
Is 323522808 a multiple of 282?
True
Does 7866 divide 2842740936?
True
Is 17 a factor of 35268727?
True
Is 132649440 a multiple of 370?
True
Is 48 a factor of 7112352?
True
Does 10 divide 458281638?
False
Does 44 divide 39329928?
True
Is 57 a factor of 15935775?
True
Is 32 a factor of 752405024?
True
Is 72206485 a multiple of 41?
False
Is 13 a factor of 271689258?
False
Is 79 a factor of 12364290?
True
Is 401023272 a multiple of 247?
True
Is 36561888 a multiple of 132?
True
Is 4589 a factor of 200787106?
True
Is 7 a factor of 203451423?
True
Is 283625867 a multiple of 706?
False
Does 178 divide 155453096?
True
Does 1824 divide 32929989?
False
Does 1716 divide 404068236?
True
Is 229 a factor of 291974084?
True
Does 340 divide 13127612?
False
Is 32836676 a multiple of 317?
False
Does 6 divide 900790560?
True
Is 528 a factor of 21400896?
True
Is 2693124 a multiple of 18?
True
Does 18 divide 703784323?
False
Is 2998 a factor of 41723166?
True
Does 1486 divide 432231334?
True
Does 1642 divide 581478176?
True
Is 552491072 a multiple of 14?
True
Is 23050125 a multiple of 1575?
True
Is 30286544 a multiple of 907?
True
Is 7 a factor of 68837193?
False
Is 61440780 a multiple of 6?
True
Does 139 divide 34793368?
True
Is 193079200 a multiple of 17?
True
Does 1528 divide 840259327?
False
Does 392 divide 1540286226?
False
Does 765 divide 1324378923?
False
Is 77 a factor of 185236426?
False
Is 6 a factor of 370856280?
True
Is 60918813 a multiple of 269?
False
Is 13 a factor of 60836373?
True
Is 362916839 a multiple of 230?
False
Is 144538443 a multiple of 300?
False
Is 462053576 a multiple of 13?
False
Is 33 a factor of 34168764?
False
Is 5 a factor of 67731730?
True
Is 913 a factor of 14082112?
True
Is 2209829 a multiple of 807?
False
Is 1336563865 a multiple of 35?
True
Does 102 divide 28007466?
True
Is 650 a factor of 1785550?
True
Is 43 a factor of 2859887741?
False
Is 115875699 a multiple of 237?
True
Is 3995 a factor of 384127240?
True
Does 35 divide 5085220?
True
Is 6 a factor of 200115564?
True
Does 44 divide 538851236?
True
Does 41 divide 3456638?
False
Is 67 a factor of 12875346?
False
Is 1057 a factor of 147889373?
False
Is 5072683 a multiple of 43?
False
Does 6 divide 11125200?
True
Is 16739424 a multiple of 936?
True
Does 2194 divide 1066266448?
True
Is 188030822 a multiple of 457?
True
Is 78021424 a multiple of 8?
True
Is 9570 a factor of 1325910881?
False
Is 1383 a factor of 31893363?
True
Is 7838372 a multiple of 62?
False
Is 3974805 a multiple of 5?
True
Is 166555859 a multiple of 185?
False
Is 110045431 a multiple of 89?
False
Is 370255558 a multiple of 26?
False
Is 3462 a factor of 312448962?
True
Is 48704551 a multiple of 7?
True
Does 12 divide 43150224?
True
Is 3 a factor of 14073862?
False
Does 214 divide 192510120?
True
Is 3 a factor of 10437600?
True
Is 141182215 a multiple of 104?
False
Is 131 a factor of 1403118873?
False
Does 142 divide 269126210?
True
Is 42056277 a multiple of 37?
False
Is 15852985 a multiple of 73?
False
Is 8539953 a multiple of 9?
False
Is 49 a factor of 150648584?
False
Does 22 divide 4354738146?
True
Is 123 a factor of 1729362127?
False
Is 635 a factor of 60308490?
True
Is 76891816 a multiple of 17?
True
Is 128099235 a multiple of 142?
False
Does 3514 divide 634070796?
False
Is 888934480 a multiple of 20?
True
Is 74 a factor of 244928086?
True
Is 683797485 a multiple of 21?
True
Is 69505488 a multiple of 4?
True
Is 40093672 a multiple of 1448?
True
Is 33 a factor of 85831046?
False
Does 1091 divide 434354375?
True
Is 16 a factor of 2933894976?
True
Is 86 a factor of 1755633154?
True
Does 2 divide 26290946?
True
Is 879 a factor of 23762886?
True
Does 44 divide 11339911?
False
Is 49966420 a multiple of 580?
True
Is 398 a factor of 143494522?
True
Does 10 divide 63805607?
False
Is 71779225 a multiple of 53?
True
Does 1142 divide 30727794?
True
Is 47 a factor of 6274333532?
False
Is 22936869 a multiple of 49?
False
Does 18 divide 255415266?
True
Is 107859309 a multiple of 723?
True
Is 1354 a factor of 284467512?
False
Does 368 divide 115408848?
True
Is 419 a factor of 37044628?
True
Does 1538 divide 56651190?
False
Does 37 divide 13404686?
False
Is 105732330 a multiple of 11?
True
Is 680985474 a multiple of 1149?
False
Does 15 divide 1090538847?
False
Does 5128 divide 670849970?
False
Is 54 a factor of 64197036?
True
Is 199570280 a multiple of 3521?
True
Does 1860 divide 149222220?
True
Is 40901714 a multiple of 21?
False
Is 3 a factor of 32755385?
False
Is 14879454 a multiple of 102?
True
Is 1842 a factor of 465124864?
False
Is 380133 a multiple of 39?
True
Is 2152384 a multiple of 338?
True
Does 25 divide 110124085?
False
Does 4 divide 138165239?
False
Is 45535949 a multiple of 16?
False
Is 12 a factor of 31454073?
False
Is 554 a factor of 335774968?
True
Is 10 a factor of 756484850?
True
Is 3549 a factor of 49477657?
False
Is 25000640 a multiple of 2?
True
Is 1978913 a multiple of 30?
False
Is 94 a factor of 9190610?
False
Does 760 divide 183132950?
False
Is 658433292 a multiple of 33?
True
Does 3 divide 21359190?
True
Is 26665660 a multiple of 395?
True
Is 799038240 a multiple of 10?
True
Is 103513935 a multiple of 1785?
True
Does 138 divide 33859574?
False
Is 17 a factor of 25986829?
True
Does 45 divide 162865436?
False
Is 806 a factor of 2339575198?
False
Is 146009750 even?
True
Is 675 a factor of 285846021?
False
Is 33658695 a multiple of 15?
True
Is 5 a factor of 1232113?
False
Is 1697 a factor of 109057237?
False
Does 278 divide 83093922?
True
Is 57 a factor of 589693852?
False
Is 118208389 a multiple of 949?
True
Does 151 divide 3503301?
False
Does 18 divide 241226154?
True
Is 381 a factor of 9370695?
True
Is 2671 a factor of 9720948?
False
Is 134 a factor of 136894787?
False
Is 5081578 a multiple of 78?
False
Is 19 a factor of 126341616?
False
Does 4 divide 210847792?
True
Is 128077751 a multiple of 1155?
False
Does 435 divide 1579808327?
False
Does 925 divide 1746295378?
False
Is 359281156 a multiple of 168?
False
Is 11 a factor of 294690436?
False
Is 929584425 a multiple of 33?
True
Is 145773249 a multiple of 373?
True
Is 34 a factor of 986350982?
True
Is 49865088 a multiple of 52?
True
Is 359139653 a multiple of 52?
False
Is 850 a factor of 81321200?
True
Does 2655 divide 56216970?
True
Is 625 a factor of 54831701?
False
Is 586890804 a multiple of 20?
False
Does 10 divide 162066590?
True
Is 1554 a factor of 20700758?
False
Is 980243710 a multiple of 3328?
False
Is 7 a factor of 19604612?
False
Is 768 a factor of 161617920?
True
Does 92 divide 495162286?
False
Is 20 a factor of 9489120?
True
Is 4917060 a multiple of 1852?
True
Is 110 a factor of 237713740?
True
Does 1744 divide 4937096?
False
Does 1712 divide 138644608?
True
Is 3 a factor of 1464262